 0 - 1572/(-78) - 2/13. Suppose -3*g - 3*a = -44 + 2, 2*g - 2*a - s = 0. Calculate the remainder when 35 is divided by g.
11
Let q(r) = -r**2 + 33*r - 28. Let s be q(32). Suppose -103 = -s*f + 37. Suppose 5*g = -16 + 111. Calculate the remainder when f is divided by g.
16
Let h = 1 - -7. Let y(b) = -b + 1. Let l(q) = q + 4. Let w(j) = -l(j) + 6*y(j). What is the remainder when w(-4) is divided by h?
6
Let o be 2/(-1)*(-3 + 8 + -6). Suppose 4*p - 2*p + 4*v - 142 = 0, 0 = o*p - 4*v - 134. Calculate the remainder when p is divided by 19.
12
Suppose -5*f + 23 = n, -5*n = -0*f - 2*f + 20. Suppose -79*x = -57*x - 264. Calculate the remainder when x is divided by f.
2
Suppose -3*m - 5*j = -97, 13*m = 14*m + 3*j - 39. Calculate the remainder when m is divided by 8.
0
Calculate the remainder when 44 - 1 - (-1 - -3) is divided by 29 + ((-1)/(-2 - -1))/(-1)*7.
19
Let a = -8 - -18. Let i be 26/6 + (-2)/6. Suppose 0 = -i*p + 93 - 25. Calculate the remainder when p is divided by a.
7
Let p be (-1)/(-3 - -2) + 24. Let v = 51 + p. What is the remainder when v is divided by 20?
16
Suppose -t - 2 + 19 = 0. Let i = t + -8. Calculate the remainder when 39 + -2 + -1*2 is divided by i.
8
Let t = 80 + -70. Suppose 4*b - t = 10. Let g(f) = f + 1. What is the remainder when b is divided by g(1)?
1
Let w = -16 - -32. Suppose 4*p - 5*y = 119, -3*p = -21*y + 17*y - 89. What is the remainder when p is divided by w?
15
Suppose 0 = 2*x - 10, 10*a - 7*a - 85 = -2*x. Suppose 0 = 5*c - 4*c - 7. What is the remainder when a is divided by c?
4
Let h(k) = -11*k - 16. Suppose -4*g = 16, 3*o = 6*g - 2*g - 65. Let x = -14 - o. Calculate the remainder when h(-6) is divided by x.
11
Suppose -19*s = -16*s - 351. Calculate the remainder when s is divided by 20.
17
Let j(o) = 6*o + 2. Let g be 6 - (-28)/(-6)*(-6)/(-7). What is the remainder when 138 is divided by j(g)?
12
Let y(a) = 5*a**2 - 53*a + 226. What is the remainder when 280 is divided by y(4)?
92
Suppose z = 4*z - 297. What is the remainder when z is divided by 256/10 - 33/55?
24
Suppose -335 - 55 = -5*j. What is the remainder when j is divided by 22?
12
Suppose 8*w - 32 = 136. Let t = -10 - -6. What is the remainder when 1/t - (-241)/4 is divided by w?
18
Suppose 0 = -8*n + n + 35. Suppose -5*b - 5*i = -8*b + 34, n*b - 82 = 2*i. Calculate the remainder when b is divided by 7.
4
Suppose 5*l - n - 27 = -3*n, 6 = 2*l - 4*n. Calculate the remainder when (-3)/((-42)/112)*((-69)/(-24) + 2) is divided by l.
4
Let c = 775 + -755. What is the remainder when c is divided by 4?
0
Let z be ((-24)/(-36))/((-1)/(-6)). Suppose 4*k + z*j - 18 = k, -k + 1 = 3*j. Calculate the remainder when 36 is divided by k.
6
Suppose r - 5 = 0, -i - 3*r - r + 23 = 0. Suppose n + i - 2 = 0. What is the remainder when 18 is divided by -1 - (-8 - (1 + n))?
4
Suppose 37 = j + 2. Let f(a) = 3*a - 3. What is the remainder when j is divided by f(5)?
11
Let i(h) = h**2 + 4*h + 1. Let k be i(-3). What is the remainder when ((-4)/5)/((-6)/225) is divided by 2*k/20 + 243/15?
14
Suppose 81 = 6*c + 105. Calculate the remainder when 144 is divided by c/30 + (-2)/120*-1268.
18
Let q = 280 + -267. Calculate the remainder when 89 is divided by q.
11
Let y = -6 - -9. Suppose 4*x - y*r = -23, 4*r = 3*x - 0*x + 26. Calculate the remainder when 22 is divided by (32/(6/(-3)))/x.
6
Let w(b) = 9*b - 5. Let o(q) = 3*q - 2. Let r(k) = 17*o(k) - 6*w(k). Let y = -30 - -42. What is the remainder when y is divided by r(-3)?
2
Suppose 0 = -4*u + 110 - 50. What is the remainder when 35 is divided by u?
5
Let l(q) = 2*q - 5. Let s be l(-2). What is the remainder when 8/36 - 62*2/s is divided by 8?
6
Suppose -3*t + 47 = 2*x, 3*x - 8*x + 65 = -3*t. What is the remainder when 1*(62 + -15 - -10) is divided by x?
9
Suppose -3*z - 42 + 3 = 0. Let m(x) = -x - 10. What is the remainder when 16 is divided by m(z)?
1
Let a = 41 + 28. What is the remainder when a is divided by 26?
17
Let n(k) = k**3 - 7*k**2 + 4*k + 4. Let t be n(6). Let h = 8 + t. Suppose h = -0*w - 4*w - 20, -4*w + 4 = 3*p. Calculate the remainder when 30 is divided by p.
6
Let g = -60 + 49. Let f(z) = -z**3 - 13*z**2 - 24*z - 9. Calculate the remainder when 19 is divided by f(g).
6
Let y(a) = 10 + 8*a + a**3 - 2*a**3 + 16*a**2 - 10*a**2 - 7*a**2. What is the remainder when y(-5) is divided by 18?
16
Let t(r) = 0*r**2 - r**2 - 4*r**2 + 8*r**2. Let m be t(2). Let v = 15 - m. Calculate the remainder when 7 is divided by v.
1
Let y(j) = -3*j**3 - 60*j**2 - 4*j - 26. What is the remainder when 225 is divided by y(-20)?
9
Suppose 0 = -82*h + 89*h - 1029. Calculate the remainder when h is divided by 25.
22
Let o = -301 + 319. What is the remainder when 195 is divided by o?
15
Calculate the remainder when 184 is divided by (34 - (-6 - -12)) + 3.
29
Let o be 20/(-24)*-4*3. Suppose -3*w + o = 1. Suppose 4*c = 4*z + 5*c - 125, w*z - 92 = c. What is the remainder when z is divided by 11?
9
Suppose -5*s - 39 = 26. Let u(h) = -h**3 - 14*h**2 - 15*h + 3. What is the remainder when u(s) is divided by 16?
13
Suppose 0 = 2*d - 2*w - 21 - 23, 3*d - 5*w = 60. Let h be -3 - -66 - (3*2)/3. Let x = -48 + h. Calculate the remainder when d is divided by x.
12
Suppose 5*b - 5 = k, -3*k + 21 = -2*b + 2*k. Let a(g) = 13*g - 2. What is the remainder when ((-368)/4 + -2)*(-1)/b is divided by a(2)?
23
Suppose -6 = 4*p - 2. Calculate the remainder when 2/(-2)*p/((-2)/(-62)) is divided by 8.
7
Let a(u) = -u**2 + 7*u + 2. Let t(v) = -2*v**3 + 47*v**2 + 39*v - 81. Calculate the remainder when t(24) is divided by a(4).
13
Let f = -460 + 481. Calculate the remainder when 734 is divided by f.
20
Suppose -64 - 990 = -17*d. Let r(o) = -o**3 - 6*o**2 - 3*o - 5. What is the remainder when d is divided by r(-6)?
10
Let n(b) = 4*b**2 + 5*b + 14. Calculate the remainder when n(4) is divided by 14.
0
Let c = 513 + -444. Calculate the remainder when c is divided by 36.
33
Let c(a) = 2*a**2 + 13*a - 38. Calculate the remainder when c(-17) is divided by 36.
31
Let u(p) = p + 10. Let c be u(-7). Calculate the remainder when 13 is divided by -2*(-7)/2 - c.
1
Let a be (-552)/14 + (-24)/(-56). Let p = -19 - a. Calculate the remainder when p is divided by 7.
6
Suppose 0 = -5*m + 4*k - 71 + 266, 39 = m - k. What is the remainder when m is divided by 6?
3
Let m = 40 - -103. Calculate the remainder when m is divided by 16.
15
Let d = 52 - -7. Suppose 0 = -3*v + d - 293. Let a = v + 125. Calculate the remainder when a is divided by 25.
22
Let r = -126 - -177. Suppose 5*z - 18 = 2. Suppose -5*b + d + 128 = 0, z*b = -d - 4*d + 114. What is the remainder when r is divided by b?
25
Calculate the remainder when 2607 is divided by (-6 + 4)/((-14)/105).
12
Suppose 0 = 2*u - 51 - 71. Let a be (-2)/(-9) + (-2580)/(-54). Let l = -32 + a. Calculate the remainder when u is divided by l.
13
Let s(x) = 2*x - 13. Suppose 0 = j - 4*j + 27. Let g be s(j). Suppose -5*b - g*r + 340 = 0, 2*r + 8 = 6*r. Calculate the remainder when b is divided by 17.
15
Suppose 0 = 5*g - 83 + 18. What is the remainder when 310 is divided by g?
11
Suppose 5225 = 37*y + 1858. What is the remainder when y is divided by 31?
29
Let d be (5 + -4 - 1)*-1. Suppose d = 2*l - 2 + 8. What is the remainder when l + 7 - 32/(-4) is divided by 8?
4
Calculate the remainder when 110 is divided by 37 + 39/(-91) + (-10)/(-7).
34
Let i = -587 + 1004. What is the remainder when i is divided by 60?
57
Suppose c + 7*y - 100 = 6*y, y + 482 = 5*c. What is the remainder when c is divided by 51?
46
Let d(k) = 2*k. What is the remainder when 36/84 - (-582)/14 is divided by d(11)?
20
Let a(d) = 4*d + 5 - 16 + 8*d. Let r(m) = -22*m**3 - m**2 - m - 1. Calculate the remainder when a(6) is divided by r(-1).
19
Suppose 12*y = 17*y - 920. What is the remainder when 53 is divided by (24/(-14))/(y/(-56) - -3)?
5
Let s(i) = 16*i + 35. Calculate the remainder when s(4) is divided by 39.
21
Suppose -14*y + 519 = -139. Calculate the remainder when y is divided by 7.
5
Let k(u) = 67*u**2 - u + 2. Calculate the remainder when k(1) is divided by 14.
12
Suppose -5*n = -3*r + 76, 2*n - 4 + 124 = 4*r. What is the remainder when 94 is divided by r?
30
Suppose -4*m - 5*s + 418 = 0, 39*m = 44*m - 4*s - 543. Suppose 45 = 2*z - 9. What is the remainder when m is divided